e 9) to base 11.
a6814
What is 3bd66f (base 16) in base 13?
a73c34
20134144 (base 5) to base 10
161799
Convert -10b0789 (base 14) to base 2.
-11110010101110011000101
Convert 123451230 (base 6) to base 16.
24e2c2
Convert 2969485 (base 12) to base 2.
11111110111000101100101
f66ad (base 16) to base 4
3312122231
What is 101525 (base 13) in base 10?
374366
10001111001011010000100 (base 2) to base 7
54610046
Convert -2102113013 (base 4) to base 11.
-37a456
10021645 (base 7) to base 9
1503167
What is -2320546 (base 8) in base 12?
-2652b2
Convert -6428c0 (base 13) to base 6.
-122153532
Convert 153410 (base 7) to base 9.
45182
Convert 106c1 (base 14) to base 7.
223631
1053374 (base 8) to base 7
2263122
Convert -56069 (base 12) to base 8.
-336721
Convert 108956 (base 10) to base 3.
12112110102
2635645 (base 7) to base 12
147a61
-21033013001 (base 4) to base 16
-24f1c1
What is 115d85e (base 15) in base 9?
25373588
What is -515419 (base 10) in base 9?
-865017
What is -101104022 (base 5) in base 12?
-179253
-301321331303 (base 4) to base 11
-7426077
Convert -243a682 (base 12) to base 6.
-411020242
What is 21396 (base 11) in base 4?
13211221
What is -1386 (base 9) in base 10?
-1050
What is 67393 (base 13) in base 9?
315021
What is 238abe (base 15) in base 14?
3237a6
Convert -3117746 (base 8) to base 2.
-11001001111111100110
Convert -177743 (base 10) to base 7.
-1340126
What is -16506b8 (base 14) in base 9?
-22538383
Convert -152405 (base 6) to base 8.
-34765
304678 (base 11) to base 6
14253120
Convert 475730 (base 9) to base 7.
2301606
-9abb12 (base 14) to base 5
-2321210212
What is -58721 (base 15) in base 6?
-10012151
What is 808925 (base 10) in base 12?
330165
2367450 (base 8) to base 15
ccd83
Convert 100030432 (base 5) to base 13.
109924
Convert 384148 (base 9) to base 8.
706344
Convert 26c93 (base 14) to base 16.
17621
11001100100101110 (base 2) to base 3
12022200122
Convert 1b8c4 (base 13) to base 3.
2202101220
What is -52663 (base 9) in base 3?
-1202202010
What is -2589026 (base 11) in base 2?
-10001000101001001001000
Convert 1100100012100 (base 3) to base 2.
10101110101000011101
What is -727273 (base 8) in base 16?
-3aebb
-34924 (base 11) to base 16
-c4ba
What is -1962d (base 16) in base 15?
-20c21
Convert 201112010100 (base 3) to base 9.
645110
What is -6617360 (base 9) in base 4?
-31203321111
What is -121112324 (base 6) in base 7?
-25341133
-17a6d (base 14) to base 4
-32210201
What is -3716045 (base 9) in base 4?
-13230311102
Convert d557 (base 16) to base 2.
1101010101010111
What is -a812 (base 16) in base 8?
-124022
12ac90 (base 13) to base 3
211222202101
What is -41b51 (base 12) in base 2?
-10101000100101101
What is 11110200010 (base 3) in base 10?
87969
What is -1101001101011 (base 2) in base 9?
-10244
Convert -30347647 (base 8) to base 14.
-bcc0bd
What is 304522010 (base 6) in base 9?
10817436
Convert -5454543 (base 8) to base 9.
-2672136
What is 1011000001010000110 (base 2) in base 3?
200100022212
-10101111111011111 (base 2) to base 4
-111333133
Convert 11011101001101111000 (base 2) to base 9.
1630842
What is -11221112000111 (base 3) in base 16?
-2819da
What is -322136 (base 7) in base 2?
-1101101010110001
-17a70 (base 16) to base 11
-66873
What is 229513 (base 12) in base 13?
165a6b
What is -b0d0b (base 15) in base 9?
-1042822
What is 638837 (base 13) in base 15?
311145
What is -40928a7 (base 11) in base 6?
-414442024
1005510 (base 6) to base 12
23896
What is -166354 (base 12) in base 13?
-105ab1
What is 121102202112220 (base 3) in base 5?
4214001201
Convert -2154532 (base 6) to base 5.
-11434012
44972 (base 13) to base 6
2401022
-3a2bc (base 14) to base 9
-237442
What is 2b8020 (base 12) in base 7?
6200202
Convert -7418a (base 11) to base 7.
-626646
Convert 155405054 (base 6) to base 14.
630d3c
What is -1217470 (base 9) in base 14?
-133166
What is -110100000010010111000 (base 2) in base 15?
-23a364
4a2d46 (base 15) to base 6
204055203
What is 1110100110022 (base 3) in base 14?
162398
What is 111121010120 (base 3) in base 9?
447116
What is -41557 (base 15) in base 8?
-624352
Convert -200022012000111 (base 3) to base 9.
-20265014
-1010111011000 (base 2) to base 13
-2712
What is -20254543 (base 9) in base 12?
-3309149
Convert -121111200111100 (base 3) to base 13.
-1a81ba4
Convert 2523276 (base 8) to base 15.
dbc66
What is -11111001011000000000 (base 2) in base 10?
-1021440
What is 4277374 (base 8) in base 7?
12513626
2069578 (base 10) to base 5
1012211303
What is -1720748 (base 13) in base 5?
-3403443400
What is -60cd (base 16) in base 4?
-12003031
180198 (base 12) to base 7
3345566
-65213 (base 15) to base 10
-321093
Convert 1471ba6 (base 15) to base 14.
1d6d57c
-83995 (base 10) to base 13
-2c302
2896 (base 13) to base 5
141434
-5065a5 (base 12) to base 2
-100110010011111001101
-3078271 (base 9) to base 12
-674884
What is 732723 (base 10) in base 4?
2302320303
-1130112033 (base 4) to base 16
-5c58f
What is -17501503 (base 8) in base 10?
-4096835
What is -1100100111010011101 (base 2) in base 8?
-1447235
What is -5504d (base 15) in base 9?
-451421
Convert -4b010 (base 13) to base 6.
-2544504
What is -110000111011101101 (base 2) in base 5?
-22403204
Convert 5021553 (base 6) to base 9.
400126
100100110011001111100110 (base 2) to base 11
5499aa1
Convert -1000001012 (base 3) to base 5.
-1112330
-556803 (base 9) to base 10
-333075
What is -5b0b94 (base 13) in base 2?
-1000010010011011001000
What is 7142e (base 15) in base 3?
200020000222
Convert -4b2743 (base 13) to base 5.
-430224400
Convert 162364 (base 8) to base 9.
88354
What is 7713256 (base 8) in base 15?
2ad5ca
-5a184b (base 12) to base 5
-333020314
What is -179883 (base 11) in base 14?
-72b16
What is 475136 (base 8) in base 16?
27a5e
Convert -44992 (base 12) to base 14.
-2538a
3a329b4 (base 12) to base 10
11513368
Convert -2113123102 (base 5) to base 14.
-8332d6
120202200011212 (base 3) to base 8
37754240
Convert -553422105 (base 6) to base 9.
-20677775
-101101322122 (base 4) to base 10
-4529818
Convert 19565c (base 16) to base 3.
10010100210022
What is 125012644 (base 7) in base 2?
11110100001111111011001
Convert -12754b (base 12) to base 14.
-7c6b9
What is 10232211032 (base 4) in base 14?
24394a
What is -323122220033 (base 4) in base 2?
-111011011010101000001111
303032311 (base 4) to base 14
5668d
Convert 10100011101001001 (base 2) to base 11.
57a49
What is -31243114 (base 5) in base 8?
-772127
What is -426106 (base 7) in base 12?
-36aa7
14231220 (base 8) to base 9
6053703
What is 4070a5 (base 13) in base 6?
52055342
-16532402 (base 7) to base 5
-403342214
Convert -1057207 (base 8) to base 6.
-10045355
What is -b934b (base 13) in base 12?
-141702
-34313450 (base 8) to base 12
-25b0034
1a2aa52 (base 13) to base 8
40705054
What is -21392 (base 14) in base 16?
-139a4
Convert -3650d (base 15) to base 5.
-21021023
Convert 672975 (base 11) to base 6.
34553510
185d7e (base 16) to base 13
43ba68
What is -122323002 (base 4) in base 7?
-636333
Convert e082 (base 15) to base 2.
1011100100001100
Convert -179186 (base 12) to base 2.
-1100100000010110110
Convert -20001211201222 (base 3) to base 16.
-31354a
Convert -10011101110100010 (base 2) to base 4.
-103232202
What is -99e2b (base 16) in base 13?
-190b8a
Convert -682164 (base 15) to base 12.
-17b7227
-2536213 (base 10) to base 13
-6aa524
-144a9 (base 14) to base 6
-1024553
Convert -1000110010000001111011 (base 2) to base 16.
-23207b
What is 15321b (base 12) in base 14?
9467d
Convert 4724166 (base 9) to base 11.
1495908
What is 121233134 (base 5) in base 9?
1060283
Convert 113231233 (base 5) to base 4.
1333322213
-2212122201221 (base 3) to base 6
-52432254
What is -b7a852 (base 14) in base 4?
-113231012220
What is 5c50 (base 14) in base 7?
65030
What is 188822 (base 11) in base 4?
1012300123
What is 324a34 (base 13) in base 11?
737771
Convert -75334a (base 13) to base 14.
-517b84
394c (base 14) to base 12
59a8
216311 (base 8) to base 4
101303021
Convert 317823 (base 12) to base 10.
780507
Convert 11230310122 (base 4) to base 3.
2210220210101
Convert -10100110001010000100010 (base 2) to base 16.
-531422
What is 5552741 (base 9) in base 14?
57a95b
Convert -3221402 (base 5) to base 11.
-38029
-2a318e (base 16) to base 5
-1201441243
105037065 (base 